he prime factors of 40967587?
40967587
List the prime factors of 8142111679.
13, 626316283
What are the prime factors of 565700470?
2, 5, 56570047
List the prime factors of 870092077.
870092077
What are the prime factors of 21994528?
2, 29, 137, 173
List the prime factors of 97811152.
2, 6113197
List the prime factors of 512997295.
5, 401, 255859
List the prime factors of 160219883.
17, 9424699
What are the prime factors of 1281959487?
3, 23, 1283, 1609
What are the prime factors of 214468544?
2, 3351071
What are the prime factors of 1782071258?
2, 11, 53, 463, 3301
List the prime factors of 2805017037.
3, 199, 4698521
List the prime factors of 95447180.
2, 5, 17, 41, 167
List the prime factors of 125877203.
6577, 19139
What are the prime factors of 681859938?
2, 3, 67, 1696169
List the prime factors of 6722449714.
2, 337, 2957, 3373
List the prime factors of 95122445.
5, 11, 1729499
What are the prime factors of 87293082?
2, 3, 14548847
What are the prime factors of 5047590849?
3, 7, 2447, 98227
List the prime factors of 815927985.
3, 5, 1249, 1613
List the prime factors of 91622484.
2, 3, 19, 29, 31, 149
List the prime factors of 126740175.
3, 5, 1689869
What are the prime factors of 2101269078?
2, 3, 419, 278609
List the prime factors of 72062014.
2, 17, 37, 57283
List the prime factors of 211978942.
2, 7, 15141353
What are the prime factors of 1133215556?
2, 11, 19, 101, 13421
List the prime factors of 614589.
3, 349, 587
What are the prime factors of 1073025245?
5, 83, 2585603
List the prime factors of 161007549.
3, 797, 67339
What are the prime factors of 165699943?
1129, 146767
What are the prime factors of 50082742?
2, 25041371
What are the prime factors of 92643287?
11, 23, 33289
List the prime factors of 332739001.
7, 19, 929, 2693
List the prime factors of 134856298.
2, 41, 409, 4021
What are the prime factors of 65742466?
2, 2003, 16411
List the prime factors of 57566470.
2, 5, 13, 23, 1481
List the prime factors of 2083651926.
2, 3, 23, 15098927
List the prime factors of 44179692.
2, 3, 149, 24709
List the prime factors of 498624158.
2, 249312079
What are the prime factors of 10556095?
5, 11, 191929
List the prime factors of 53182480.
2, 5, 13, 51137
List the prime factors of 511864433.
18089, 28297
What are the prime factors of 1993484079?
3, 221498231
What are the prime factors of 1222234400?
2, 5, 1527793
List the prime factors of 1363908193.
29, 47031317
List the prime factors of 446788227.
3, 67, 1009, 2203
List the prime factors of 51531350.
2, 5, 13, 79279
List the prime factors of 66700258.
2, 33350129
What are the prime factors of 52704297?
3, 79, 24709
List the prime factors of 1209775099.
13, 4817, 19319
List the prime factors of 261602033.
7, 11, 485347
List the prime factors of 761255102.
2, 19, 20033029
What are the prime factors of 33059402?
2, 16529701
List the prime factors of 415890152.
2, 43, 53, 22811
What are the prime factors of 21926975?
5, 7, 107, 1171
What are the prime factors of 1914056115?
3, 5, 29, 4400129
What are the prime factors of 160193750?
2, 5, 19, 71
What are the prime factors of 4668680239?
37, 10567, 11941
List the prime factors of 3193222534.
2, 1596611267
What are the prime factors of 1477464523?
2393, 617411
What are the prime factors of 90474204?
2, 3, 17, 443501
What are the prime factors of 345465499?
79, 4372981
List the prime factors of 3467391223.
3467391223
List the prime factors of 172253570.
2, 5, 97, 311, 571
List the prime factors of 8796758.
2, 71, 61949
What are the prime factors of 159154932?
2, 3, 2411, 5501
What are the prime factors of 124954821?
3, 13883869
What are the prime factors of 4880678995?
5, 6257, 156007
List the prime factors of 1289750816.
2, 61, 660733
List the prime factors of 2078166317.
313, 6639509
List the prime factors of 1152034783.
67, 17194549
List the prime factors of 138332093.
2161, 64013
What are the prime factors of 49530431?
23, 97, 149
What are the prime factors of 10082597?
7, 19, 41, 43
List the prime factors of 15096219.
3, 61, 82493
List the prime factors of 792136968.
2, 3, 7, 163, 28927
List the prime factors of 239561496.
2, 3, 79, 101, 139
What are the prime factors of 1430060219?
7, 204294317
List the prime factors of 122976557.
11, 67, 166861
What are the prime factors of 27398983?
211, 129853
List the prime factors of 167622690.
2, 3, 5, 5587423
List the prime factors of 5970253734.
2, 3, 991, 334693
What are the prime factors of 142589286?
2, 3, 7, 103, 10987
What are the prime factors of 1650455557?
17, 59, 811, 2029
What are the prime factors of 723489529?
7, 103355647
What are the prime factors of 104032707?
3, 17, 2039857
What are the prime factors of 7214872238?
2, 7, 515348017
What are the prime factors of 3271881124?
2, 47, 499, 34877
What are the prime factors of 4661469828?
2, 3, 661, 195893
List the prime factors of 16420986.
2, 3, 599, 1523
List the prime factors of 184295134.
2, 92147567
What are the prime factors of 16369760?
2, 5, 11, 71, 131
What are the prime factors of 120443453?
13, 17, 659, 827
List the prime factors of 145176886.
2, 72588443
What are the prime factors of 38960409?
3, 467, 27809
What are the prime factors of 504140658?
2, 3, 7, 12003349
What are the prime factors of 1130524316?
2, 151, 163, 11483
What are the prime factors of 206001378?
2, 3, 11, 1040411
List the prime factors of 89848039.
89848039
List the prime factors of 1768172526.
2, 3, 599, 163993
List the prime factors of 404366228.
2, 7, 97, 21269
List the prime factors of 399684273.
3, 167, 797773
What are the prime factors of 33685534?
2, 17, 241, 4111
List the prime factors of 4659813938.
2, 13, 23, 43, 7879
List the prime factors of 199604073.
3, 66534691
List the prime factors of 135905588.
2, 7, 13, 37, 10091
What are the prime factors of 243431561?
31, 457, 17183
List the prime factors of 276461043.
3, 92153681
What are the prime factors of 2207716936?
2, 79, 3493223
What are the prime factors of 34926086?
2, 13, 1343311
List the prime factors of 148839195.
3, 5, 9922613
What are the prime factors of 1984315804?
2, 496078951
List the prime factors of 35742614.
2, 17871307
What are the prime factors of 33806046?
2, 3, 5634341
List the prime factors of 219051102.
2, 3, 397, 91961
What are the prime factors of 31352028?
2, 3, 457, 5717
List the prime factors of 1008570738.
2, 3, 7, 24013589
List the prime factors of 1051170308.
2, 29, 1181, 7673
What are the prime factors of 478938718?
2, 83, 2885173
List the prime factors of 74057130.
2, 3, 5, 7, 2399
List the prime factors of 137838208.
2, 1076861
What are the prime factors of 425069685?
3, 5, 9445993
What are the prime factors of 861873668?
2, 19, 769, 14747
List the prime factors of 468261695.
5, 11, 29, 173, 1697
What are the prime factors of 9174717632?
2, 1201, 119363
List the prime factors of 1851244565.
5, 370248913
List the prime factors of 1301380807.
22993, 56599
List the prime factors of 1040194511.
181, 31751
List the prime factors of 37584520.
2, 5, 939613
List the prime factors of 26380560.
2, 3, 5, 109919
What are the prime factors of 24942498?
2, 3, 7, 593869
List the prime factors of 337373452.
2, 13, 6487951
What are the prime factors of 247696835?
5, 49539367
What are the prime factors of 24493722?
2, 3, 11, 71, 5227
List the prime factors of 82415224.
2, 10301903
List the prime factors of 1895204438.
2, 17, 19, 2933753
What are the prime factors of 6120026?
2, 11, 149, 1867
What are the prime factors of 35306080?
2, 5, 220663
What are the prime factors of 134725007?
23, 67, 87427
What are the prime factors of 3084986802?
2, 3, 359, 431, 3323
What are the prime factors of 199723777?
11, 43, 422249
List the prime factors of 21873134.
2, 29, 377123
List the prime factors of 60858211.
29, 2098559
List the prime factors of 922160472.
2, 3, 31, 37, 139, 241
List the prime factors of 41323378.
2, 20661689
What are the prime factors of 107498701?
17, 6323453
What are the prime factors of 66153233?
66153233
What are the prime factors of 55009461?
3, 13, 1410499
What are the prime factors of 1693261507?
7, 241894501
List the prime factors of 225905815.
5, 151, 299213
List the prime factors of 45399376.
2, 11, 31, 53, 157
List the prime factors of 1113996521.
11, 1012